9) - (8 + -29).
15
-12 + -7 - -33 - (-21 - (16 - 27))
24
478 - 445 - (4 + -7)
36
What is the value of (-48 - -1) + -60 + 146 + -78?
-39
Evaluate 4 - (2 - (7 - 111 - (11 - 2 - 6))).
-105
Calculate (5 - (10 - 9)) + -50.
-46
Evaluate 11 + -17 - 21 - 1 - (-2 + 8 + -9).
-25
What is the value of 0 - ((-12 - (3 + -4 + -9)) + 1)?
1
What is the value of 195 + (-87 - -21) - 64?
65
What is 27 - (27 - 15 - -25)?
-10
What is 3 - ((-12 - (16 + -12 - 30)) + -15)?
4
What is 6 - -1 - (-33 - -36) - (5 + -7 - 35)?
41
43 + (1 - (8 - (4 + -2 - -13)))
51
Evaluate 132 - 112 - ((-2 - -96) + 6).
-80
Calculate 0 + -9 + 5 + 2 + (30 - (23 - 16)).
21
Calculate -70 - (-144 - -80) - (-13 - 2).
9
Evaluate 68 - 71 - (-48 + 19).
26
What is -54 - (42 - (102 - 46))?
-40
What is the value of (15 + -1 - (1 - -4)) + (-148 - (-7 + 5))?
-137
Evaluate 59 - (-16 - (-11 + -9 + -15) - 32).
72
Calculate 1134 - 1112 - (32 + -3).
-7
What is the value of -16 + (61 - 43) - 111?
-109
What is the value of -58 + (-4 - (-133 - -40))?
31
What is -90 + (1 - ((1 - -10) + -16 + -5) - 4)?
-83
89 - (7 + (91 - 61))
52
What is the value of 1 + 26 - (-23 + 16 + 28)?
6
What is the value of 31 + -109 + 73 + -34?
-39
What is the value of -1 - (9 + -7 - 4 - (17 + (-7 - 14)))?
-3
What is 59 + 1 - 0 - (4718 + -4704)?
46
What is the value of 4 - (0 + -14 + (-65 - -68 - (8 + -2)))?
21
Calculate 1 + -17 - ((5 - -25) + 34 + -34 + -44).
-2
Calculate ((6 + -17 - -8) + 1 - -26) + -1 + -3.
20
What is the value of (1 - (10 - 8 - 8) - 1) + -74 + 63?
-5
What is 26 + (-149 - (-20 - 71))?
-32
Calculate 8 + (-12 + (63 - 5) + 10 + -9 - 10).
45
Evaluate 16 + 35 + -4 + -58 - 24.
-35
Evaluate -11 + 3 - (-76 + (13 - 6) + 13).
48
Evaluate -100 - -108 - (-1 - (-3 + 6) - -22).
-10
-22 + (1 - 1) + -9108 + 9120
-10
Evaluate -42 + 4 - (2 + -4 + (-7 - (-9 - 6))).
-44
Evaluate -10 - (-23 - -24 - (7 + 56)).
52
Calculate -40 - ((65 - 49) + -104).
48
What is the value of -9 + (12 + -39 - -3) + -4 + (-2 - -2)?
-37
What is the value of (25 - (45 - 19)) + 5 + (-3 - 0) + 3?
4
Evaluate (-2 - (13 - 6)) + (-35 - -79).
35
What is the value of 2 + -42 + 75 + -25?
10
Calculate -7 + 62 + ((6 - 1) + 1 + -12 - -5).
54
(-149 - (-15 + 9)) + -622 + 666
-99
-17 - (39 - (39 - 10))
-27
Evaluate -4 - 29 - (47 + -35).
-45
-20 - (15 + (-7 - 13) - 13)
-2
What is -23 - (23 + 6 + (12 - 6))?
-58
What is 7 - 3 - (0 + (12 + -36 - -13))?
15
Calculate 117 - 121 - (-50 + -11 + 29 + -8).
36
What is the value of 166 + 2 + -68 + (-2 - 6 - 4)?
88
What is the value of (-44 - -55) + -16 - (3 + -2 - 38)?
32
10 - 28 - ((-9 - -18) + -34)
7
Calculate 95 + -18 - (42 - 10 - 16 - -1).
60
-13 + 17 - (-5 + 11) - (19 - -88)
-109
Calculate 12 + (-31 - (-29 + 13 - (-16 + 5))).
-14
(27 - -26) + -168 - (-9 + (3 - 6))
-103
What is the value of -7 - (16 - (23 + -10))?
-10
Evaluate -3 + (0 + 24 - (31 + 91 - 121)).
20
What is -69 + (-35 - -112) - 15?
-7
What is the value of -2 - (-1 - 9 - (-130 + 142)) - -67?
87
What is the value of -8 + -47 + 7 + 0 + 3 + (-4 - 0)?
-49
Calculate 21 + -27 + -5 + (9 + -2 - (-76 - -73)).
-1
What is the value of -131 - (-39 - (-48 + 78))?
-62
Evaluate (27 - (12 - -6)) + -26 - -61.
44
What is the value of -3 + (14 + -2 - (45 - 26))?
-10
Evaluate -15 + (-16 - -34) + -7 + 6 + -44.
-42
What is 14 - (-21 + (27 - -56))?
-48
Calculate (233 - 121) + -81 + 65.
96
47 + 0 + -4 + (2433 - 2608)
-132
Calculate 1 + (-18 - (54 + -62)).
-9
What is -78 + (40 - 45) + 31?
-52
Evaluate -5 - 2 - (-10 + 32 - 25).
-4
89 + (-127 - -64) + 101
127
Evaluate (-156 - -26) + 128 + 2 + -65.
-65
Evaluate -6 + (22 - (-63 - -150)).
-71
What is -40 - (-23 - (-17 - -15) - (2 + -15))?
-32
Calculate -22 - (1 - -1) - (5573 + -5588).
-9
Calculate -11 + (-6 + (17 - 8) - 23).
-31
What is -187 - (60 + 56 + -170)?
-133
What is 14 + (-7 - -44) - 19?
32
What is 5 - (40 + -56 + -2 + -3)?
26
What is -58 + 185 + -76 + 28?
79
Evaluate (6 - 25 - 5) + -25 + (2 - 4 - 0).
-51
What is the value of -7 - (-5 - -9 - 48) - (0 + (0 - -4))?
33
What is the value of -13 + (-12 - (-4 + 30) - (24 - 20))?
-55
3 + -38 + 88 + (-2 - 11) + (7 - 0)
47
Evaluate -7 + (-2 - 83) - (38 + -15 - 18).
-97
Calculate -29 - (-26 - (28 + -47) - 117).
95
(44 - 146 - -91) + 18 + -1 - (9 + -1)
-2
Evaluate (1 - 34 - (1438 + -1448)) + -40.
-63
What is 41 - (-45 + -31 + 110)?
7
-36 + (38 - 34) + (108 - -6)
82
What is the value of -10 + (-13 - -37) + 83 - 30?
67
-5 + -34 + -2 + -16 + 13 + -10
-54
Calculate -10 + 60 + -18 + -7 + -3.
22
What is the value of 12 + -44 + 26 + (2 - 1) + -1?
-6
Evaluate 12 + (-5 - -20) + -33 + 14 + 36.
44
Calculate 13 - (87 + -187 + 59).
54
Evaluate -64 + (-2678 + 2671 - (-18 + 1 + -1)).
-53
What is 110 + -46 + -10 + -27?
27
123 + (-5 - (20 + -4)) + -11
91
-46 + (-2 - 3) + 0 + (42 - 24)
-33
What is the value of -7 + -4 + 4 + -6 + 13 + -79 + -20?
-99
Evaluate -3 - -45 - -11 - 51.
2
Calculate 26 - -1 - (-28 - -90).
-35
Evaluate (-6 - 6) + 1 + 15 + -58.
-54
Calculate -15 + 37 - 60 - (-1 + 22).
-59
-26 + (-1 - ((-150 - -34) + -25))
114
Calculate 101 + -84 + -89 + 112.
40
What is the value of 11 + -33 - -29 - 1 - (-1 - (0 - 55))?
-48
70 + (-55 - 56) + -96
-137
Calculate -43 + (11 - -3) - ((61 - 54) + (0 - 2)).
-34
What is -59 + ((-3 - -12) + (-10 - -5) - 11) - -7?
-59
What is the value of 87 - (37 + 124 + -36)?
-38
Evaluate (-12 + -6 - 15) + 20 + 0.
-13
Calculate 8 + -1 + 28 + (-16 - 4).
15
Evaluate (-13 - (23 + -52) - -44) + -35.
25
What is the value of (-5 - 9) + 7 + -18 + -10 + 4 + 0?
-31
What is the value of (-47 + -17 - -61) + -17 + 4?
-16
26 + 34 + (-15 - (-22 - -22))
45
What is the value of (395 - 361) + (1 - 7)?
28
Evaluate -16 + -1 - (-11936 + 11807).
112
-55 - -6 - -43 - (1 + -4 - 40)
37
Evaluate 0 - 53 - (-1 - -6 - 21).
-37
Evaluate (5 - (-25 - -26)) + 9 + 45.
58
Evaluate -80 + (92 + -60 - -61).
13
What is (1772 - 1669) + (0 - 31) + 2?
74
What is the value of (-1 - (0 + 1) - -20) + 577 + -575?
20
Evaluate 40 + 21 + -45 + (7 - (8 - 11 - -5)).
21
What is the value of -4 + 23 + (35 - 44) + -49?
-39
(4 - (0 - -93)) + 23 - 6
-72
Calculate -116 + (147 - -14) - -65.
110
-36 + -17 + (33 - -85 - 30)
35
Calculate 59 + -80 + (35 - 71).
-57
Calculate 15 + (-7 - -116) + 30 + -7 + -41.
106
What is (33 + -2 + -84 - -27) + -19?
-45
What is 4 + -5 + -17 - (35 + -4)?
-49
Calculate (22 - -4) + 46 + -64 - -55 - 2.
61
-7 + -3 + (-51 - (-5 + (-12 - -8 - 0)))
-52
Calculate -29 - (2 + 5 + -7 + 2) - 5.
-36
What is -88 - -1 - 1 - (-176 + 308 + -133)?
-87
Evaluate -11 - (98 + 10 + 20 + -17 + -6 + 13).
-129
What is (6 - 4) + 72 - (1 - 2) - (-12 - -3)?
84
-41 + -39 + -12 + 149
57
What is the value of 14 + 0 - (0 - 22 - (-196 - -175))?
15
(-4 - -8 - 4) + 100 - (-59 + 119 - 53)
93
What is the value of 125 + -139 - (-67 + -26)?
79
What is the value of (6582 - 6658) + 1 + 76?
1
What is the value of (141 - 79) + (4 + -19 + -1 - -8)?
54
Calculate 23 - 36 - (19 - -8) - -1.
-39
Calculate -43 + 0 + -55 + 98 + -48 + -6.
-54
Evaluate (-1 + 0 - (74 - 166)) + -4 + (6 - 0).
93
What is -5 - (-9 - -21 - (5 - 4))?
-16
(-54 - (13 + 36 + -23)) + 24
-56
(54 + -58 - (-6 - -23)) + (-14 - 51)
-86
What is (5 - (2 + 1)) + -1 + (-27 - (33 + -34))?
-25
What is the value of (-28 - -35) + 0 + 74 + (-9 - (1 - 9))?
80
What is the value of -14 + -5 - ((-45 - -28) + (4 - -1))?
-7
(-8 - -8) + (-11 - (1 - 1)) + -2
-13
Calculate 36 + 0 - (108 + -33 - 36).
-3
What is the value of -2557 - -2606 - (-2 + 65) - (1 + (0 - -12))?
-27
Calculate (2 - 64) + (-10381 - -10599).
156
Calculate -2 + (0 - (2 + 1 + -5) - (100 - 165)).
65
-1 + -28 + -4 + 0 + (8 - 5) + -15
-45
What is the value of -23 + -3 - (143 + -166 - (0 - 15) - -3)?
-21
What is the value of -57 - (-44 + 79 + -67 + 6)?
-31
What is the value of 149 + (109 + -70 - 42)?
146
Evaluate -123 + (8 - (-2 - -11 - (-19 - -38))).
-105
What is 16 + (20 - 17) - 14 - 13?
-8
What is the value of -131 + 112 + 30 + -2 + 4?
13
-1 + (-35 - -99 - 51)
12
What is the value of 25 + -9 + (203 - 156)?
63
(-76 + (-175 - -212) - (0 + 12 - 1)) + 0
-50
Evaluate -1 + -20 - (-275 + 244) - 12.
-2
Calculate (9813 - 9662) + (2 - 53).
100
Calculate -134 + -9 + -443 + 485.
-101
Calculate (21 - (6 - (-4 - -2))) + -12 + -12.
-11
What is the value of -27 + (22 - -2 - (-345 + 318))?
24
Evaluate (-13 - -35) + -11 - (-7 + (0 + -2 - 29)).
49
Calculate (3 + -76 - 3 - (-52 